{"id":424,"date":"2026-01-07T16:49:39","date_gmt":"2026-01-07T15:49:39","guid":{"rendered":"https:\/\/rotary-classic.ch\/?page_id=424"},"modified":"2026-01-08T18:48:38","modified_gmt":"2026-01-08T17:48:38","slug":"wohltaetigkeit-2","status":"publish","type":"page","link":"https:\/\/rotary-classic.ch\/index.php\/wohltaetigkeit-2\/","title":{"rendered":"Wohlt\u00e4tigkeit"},"content":{"rendered":"\t\t<div data-elementor-type=\"wp-page\" data-elementor-id=\"424\" class=\"elementor elementor-424\">\n\t\t\t\t<div class=\"elementor-element elementor-element-707fd97 e-flex e-con-boxed e-con e-parent\" data-id=\"707fd97\" data-element_type=\"container\" data-e-type=\"container\" data-settings=\"{&quot;background_background&quot;:&quot;classic&quot;}\">\n\t\t\t\t\t<div class=\"e-con-inner\">\n\t\t\t\t<div class=\"elementor-element elementor-element-cfa129b elementor-widget elementor-widget-heading\" data-id=\"cfa129b\" data-element_type=\"widget\" data-e-type=\"widget\" data-widget_type=\"heading.default\">\n\t\t\t\t\t<h2 class=\"elementor-heading-title elementor-size-default\">Wohlt\u00e4tigkeit<\/h2>\t\t\t\t<\/div>\n\t\t\t\t\t<\/div>\n\t\t\t\t<\/div>\n\t\t<div class=\"elementor-element elementor-element-65e76b3 e-flex e-con-boxed e-con e-parent\" data-id=\"65e76b3\" data-element_type=\"container\" data-e-type=\"container\" data-settings=\"{&quot;background_background&quot;:&quot;classic&quot;}\">\n\t\t\t\t\t<div class=\"e-con-inner\">\n\t\t\t\t<div class=\"elementor-element elementor-element-b7392f4 elementor-arrows-position-outside elementor-pagination-position-outside elementor-widget elementor-widget-image-carousel\" data-id=\"b7392f4\" data-element_type=\"widget\" data-e-type=\"widget\" data-settings=\"{&quot;slides_to_show&quot;:&quot;1&quot;,&quot;autoplay_speed&quot;:3003,&quot;effect&quot;:&quot;fade&quot;,&quot;speed&quot;:21,&quot;navigation&quot;:&quot;both&quot;,&quot;autoplay&quot;:&quot;yes&quot;,&quot;pause_on_hover&quot;:&quot;yes&quot;,&quot;pause_on_interaction&quot;:&quot;yes&quot;,&quot;infinite&quot;:&quot;yes&quot;}\" data-widget_type=\"image-carousel.default\">\n\t\t\t\t\t\t\t<div class=\"elementor-image-carousel-wrapper swiper\" role=\"region\" aria-roledescription=\"carousel\" aria-label=\"Image Carousel\" dir=\"ltr\">\n\t\t\t<div class=\"elementor-image-carousel swiper-wrapper\" aria-live=\"off\">\n\t\t\t\t\t\t\t\t<div class=\"swiper-slide\" role=\"group\" aria-roledescription=\"slide\" aria-label=\"1 of 5\"><figure class=\"swiper-slide-inner\"><img decoding=\"async\" class=\"swiper-slide-image\" src=\"https:\/\/rotary-classic.ch\/wp-content\/uploads\/2026\/01\/Weihnacht1-768x422.jpg\" alt=\"Rotary-Weihnachtsfeier\" \/><figcaption class=\"elementor-image-carousel-caption\">Rotary-Weihnachtsfeier<\/figcaption><\/figure><\/div><div class=\"swiper-slide\" role=\"group\" aria-roledescription=\"slide\" aria-label=\"2 of 5\"><figure class=\"swiper-slide-inner\"><img decoding=\"async\" class=\"swiper-slide-image\" src=\"https:\/\/rotary-classic.ch\/wp-content\/uploads\/2026\/01\/Lottomatch-768x378.jpg\" alt=\"Lottomatch\" \/><figcaption class=\"elementor-image-carousel-caption\">Lottomatch<\/figcaption><\/figure><\/div><div class=\"swiper-slide\" role=\"group\" aria-roledescription=\"slide\" aria-label=\"3 of 5\"><figure class=\"swiper-slide-inner\"><img decoding=\"async\" class=\"swiper-slide-image\" src=\"https:\/\/rotary-classic.ch\/wp-content\/uploads\/2026\/01\/Gabentisch-768x500.jpg\" alt=\"Gabentisch\" \/><figcaption class=\"elementor-image-carousel-caption\">Gabentisch<\/figcaption><\/figure><\/div><div class=\"swiper-slide\" role=\"group\" aria-roledescription=\"slide\" aria-label=\"4 of 5\"><figure class=\"swiper-slide-inner\"><img decoding=\"async\" class=\"swiper-slide-image\" src=\"https:\/\/rotary-classic.ch\/wp-content\/uploads\/2026\/01\/RotaryWeihnacht1-768x413.jpg\" alt=\"Konzert\" \/><figcaption class=\"elementor-image-carousel-caption\">Konzert<\/figcaption><\/figure><\/div><div class=\"swiper-slide\" role=\"group\" aria-roledescription=\"slide\" aria-label=\"5 of 5\"><figure class=\"swiper-slide-inner\"><img decoding=\"async\" class=\"swiper-slide-image\" src=\"https:\/\/rotary-classic.ch\/wp-content\/uploads\/2026\/01\/Weihnacht2-768x382.jpg\" alt=\"Weihnachtsessen\" \/><figcaption class=\"elementor-image-carousel-caption\">Weihnachtsessen<\/figcaption><\/figure><\/div>\t\t\t<\/div>\n\t\t\t\t\t\t\t\t\t\t\t\t<div class=\"elementor-swiper-button elementor-swiper-button-prev\" role=\"button\" tabindex=\"0\">\n\t\t\t\t\t\t<svg aria-hidden=\"true\" class=\"e-font-icon-svg e-eicon-chevron-left\" viewBox=\"0 0 1000 1000\" xmlns=\"http:\/\/www.w3.org\/2000\/svg\"><path d=\"M646 125C629 125 613 133 604 142L308 442C296 454 292 471 292 487 292 504 296 521 308 533L604 854C617 867 629 875 646 875 663 875 679 871 692 858 704 846 713 829 713 812 713 796 708 779 692 767L438 487 692 225C700 217 708 204 708 187 708 171 704 154 692 142 675 129 663 125 646 125Z\"><\/path><\/svg>\t\t\t\t\t<\/div>\n\t\t\t\t\t<div class=\"elementor-swiper-button elementor-swiper-button-next\" role=\"button\" tabindex=\"0\">\n\t\t\t\t\t\t<svg aria-hidden=\"true\" class=\"e-font-icon-svg e-eicon-chevron-right\" viewBox=\"0 0 1000 1000\" xmlns=\"http:\/\/www.w3.org\/2000\/svg\"><path d=\"M696 533C708 521 713 504 713 487 713 471 708 454 696 446L400 146C388 133 375 125 354 125 338 125 325 129 313 142 300 154 292 171 292 187 292 204 296 221 308 233L563 492 304 771C292 783 288 800 288 817 288 833 296 850 308 863 321 871 338 875 354 875 371 875 388 867 400 854L696 533Z\"><\/path><\/svg>\t\t\t\t\t<\/div>\n\t\t\t\t\n\t\t\t\t\t\t\t\t\t<div class=\"swiper-pagination\"><\/div>\n\t\t\t\t\t\t\t\t\t<\/div>\n\t\t\t\t\t\t<\/div>\n\t\t\t\t\t<\/div>\n\t\t\t\t<\/div>\n\t\t<div class=\"elementor-element elementor-element-66cc4c1 e-grid e-con-boxed e-con e-parent\" data-id=\"66cc4c1\" data-element_type=\"container\" data-e-type=\"container\" data-settings=\"{&quot;background_background&quot;:&quot;classic&quot;}\">\n\t\t\t\t\t<div class=\"e-con-inner\">\n\t\t<div class=\"elementor-element elementor-element-6b5adce e-con-full e-flex e-con e-child\" data-id=\"6b5adce\" data-element_type=\"container\" data-e-type=\"container\" data-settings=\"{&quot;background_background&quot;:&quot;classic&quot;}\">\n\t\t\t\t<div class=\"elementor-element elementor-element-4d3f2a7 elementor-widget elementor-widget-text-editor\" data-id=\"4d3f2a7\" data-element_type=\"widget\" data-e-type=\"widget\" data-widget_type=\"text-editor.default\">\n\t\t\t\t\t\t\t\t\t<p><strong>Weihnachten f\u00fcr Alleinstehende<\/strong><br \/>Seit mehr als 40 Jahren f\u00fchrt der Rotary Club Z\u00fcrich-Knonaueramt am 24. Dezember eine Weihnachtsfeier f\u00fcr alleinstehende Menschen in der Region Affoltern durch. Dabei engagieren sich unsere Mitglieder und ihre Familienangeh\u00f6rigen pers\u00f6nlich, laden zu gemeinsamen Stunden ein und verbringen den Weihnachtsabend gemeinsam mit \u00e4lteren wie j\u00fcngeren Alleinstehenden.<\/p><p>Zuerst gibt es Kaffee und Guetzli, dann ein Konzert und eine besinnliche Geschichte.\u00a0Mitglieder des Rotary Clubs bereiten einen Dreig\u00e4nger vor und servieren.\u00a0Ist das Dessert abger\u00e4umt beginnt der traditionelle Lotto-Match und alle Besucherinnen und Besucher kehren reich beschenkt und begl\u00fcckt nach Hause.<\/p>\t\t\t\t\t\t\t\t<\/div>\n\t\t\t\t<\/div>\n\t\t<div class=\"elementor-element elementor-element-b03671d e-con-full e-flex e-con e-child\" data-id=\"b03671d\" data-element_type=\"container\" data-e-type=\"container\" data-settings=\"{&quot;background_background&quot;:&quot;classic&quot;}\">\n\t\t\t\t<div class=\"elementor-element elementor-element-6e3c9c3 elementor-widget elementor-widget-text-editor\" data-id=\"6e3c9c3\" data-element_type=\"widget\" data-e-type=\"widget\" data-widget_type=\"text-editor.default\">\n\t\t\t\t\t\t\t\t\t<p><strong>ROKJ Initiative<\/strong><br \/>Gem\u00e4ss einer Sch\u00e4tzung der Caritas sind in der Schweiz rund 260\u2019000 Kinder von Armut betroffen. Oftmals leben diese Kinder und Jugendlichen in wirtschaftlich unterversorgten Verh\u00e4ltnissen und erhalten nur teilweise Sozialhilfe oder entsprechende Unterst\u00fctzung.<br \/><a href=\"https:\/\/rokj.ch\/portfolio-item\/limmattal-knonaueramt\/\" target=\"_blank\" rel=\"noopener\">ROKJ<\/a> will die aktuelle Not nicht nur individuell und unkompliziert lindern, sondern eine nachhaltige Wirkung erzielen, indem die Kinder und Jugendlichen durch altersgerechte Aktivit\u00e4ten positiv in die Gesellschaft integriert werden. Sie erhalten die M\u00f6glichkeit, ihr Potenzial und ihre Talente zu entwickeln, auch wenn deren Familien sich das nicht leisten k\u00f6nnen.<\/p>\t\t\t\t\t\t\t\t<\/div>\n\t\t\t\t<\/div>\n\t\t\t\t\t<\/div>\n\t\t\t\t<\/div>\n\t\t\t\t<\/div>\n\t\t","protected":false},"excerpt":{"rendered":"<p>Wohlt\u00e4tigkeit Rotary-Weihnachtsfeier Lottomatch Gabentisch Konzert Weihnachtsessen Weihnachten f\u00fcr AlleinstehendeSeit mehr als 40 Jahren f\u00fchrt der Rotary Club Z\u00fcrich-Knonaueramt am 24. [&hellip;]<\/p>\n","protected":false},"author":1,"featured_media":0,"parent":0,"menu_order":0,"comment_status":"closed","ping_status":"closed","template":"","meta":{"site-sidebar-layout":"no-sidebar","site-content-layout":"","ast-site-content-layout":"full-width-container","site-content-style":"default","site-sidebar-style":"default","ast-global-header-display":"","ast-banner-title-visibility":"","ast-main-header-display":"","ast-hfb-above-header-display":"","ast-hfb-below-header-display":"","ast-hfb-mobile-header-display":"","site-post-title":"disabled","ast-breadcrumbs-content":"","ast-featured-img":"disabled","footer-sml-layout":"","ast-disable-related-posts":"","theme-transparent-header-meta":"","adv-header-id-meta":"","stick-header-meta":"","header-above-stick-meta":"","header-main-stick-meta":"","header-below-stick-meta":"","astra-migrate-meta-layouts":"default","ast-page-background-enabled":"default","ast-page-background-meta":{"desktop":{"background-color":"var(--ast-global-color-5)","background-image":"","background-repeat":"repeat","background-position":"center center","background-size":"auto","background-attachment":"scroll","background-type":"","background-media":"","overlay-type":"","overlay-color":"","overlay-opacity":"","overlay-gradient":""},"tablet":{"background-color":"","background-image":"","background-repeat":"repeat","background-position":"center center","background-size":"auto","background-attachment":"scroll","background-type":"","background-media":"","overlay-type":"","overlay-color":"","overlay-opacity":"","overlay-gradient":""},"mobile":{"background-color":"","background-image":"","background-repeat":"repeat","background-position":"center center","background-size":"auto","background-attachment":"scroll","background-type":"","background-media":"","overlay-type":"","overlay-color":"","overlay-opacity":"","overlay-gradient":""}},"ast-content-background-meta":{"desktop":{"background-color":"var(--ast-global-color-4)","background-image":"","background-repeat":"repeat","background-position":"center center","background-size":"auto","background-attachment":"scroll","background-type":"","background-media":"","overlay-type":"","overlay-color":"","overlay-opacity":"","overlay-gradient":""},"tablet":{"background-color":"var(--ast-global-color-4)","background-image":"","background-repeat":"repeat","background-position":"center center","background-size":"auto","background-attachment":"scroll","background-type":"","background-media":"","overlay-type":"","overlay-color":"","overlay-opacity":"","overlay-gradient":""},"mobile":{"background-color":"var(--ast-global-color-4)","background-image":"","background-repeat":"repeat","background-position":"center center","background-size":"auto","background-attachment":"scroll","background-type":"","background-media":"","overlay-type":"","overlay-color":"","overlay-opacity":"","overlay-gradient":""}},"footnotes":""},"class_list":["post-424","page","type-page","status-publish","hentry"],"_links":{"self":[{"href":"https:\/\/rotary-classic.ch\/index.php\/wp-json\/wp\/v2\/pages\/424","targetHints":{"allow":["GET"]}}],"collection":[{"href":"https:\/\/rotary-classic.ch\/index.php\/wp-json\/wp\/v2\/pages"}],"about":[{"href":"https:\/\/rotary-classic.ch\/index.php\/wp-json\/wp\/v2\/types\/page"}],"author":[{"embeddable":true,"href":"https:\/\/rotary-classic.ch\/index.php\/wp-json\/wp\/v2\/users\/1"}],"replies":[{"embeddable":true,"href":"https:\/\/rotary-classic.ch\/index.php\/wp-json\/wp\/v2\/comments?post=424"}],"version-history":[{"count":40,"href":"https:\/\/rotary-classic.ch\/index.php\/wp-json\/wp\/v2\/pages\/424\/revisions"}],"predecessor-version":[{"id":693,"href":"https:\/\/rotary-classic.ch\/index.php\/wp-json\/wp\/v2\/pages\/424\/revisions\/693"}],"wp:attachment":[{"href":"https:\/\/rotary-classic.ch\/index.php\/wp-json\/wp\/v2\/media?parent=424"}],"curies":[{"name":"wp","href":"https:\/\/api.w.org\/{rel}","templated":true}]}}