{"id":342,"date":"2026-01-07T14:23:47","date_gmt":"2026-01-07T13:23:47","guid":{"rendered":"https:\/\/rotary-classic.ch\/?page_id=342"},"modified":"2026-01-22T20:53:13","modified_gmt":"2026-01-22T19:53:13","slug":"ueber-uns","status":"publish","type":"page","link":"https:\/\/rotary-classic.ch\/index.php\/ueber-uns\/","title":{"rendered":"\u00dcber uns"},"content":{"rendered":"\t\t<div data-elementor-type=\"wp-page\" data-elementor-id=\"342\" class=\"elementor elementor-342\">\n\t\t\t\t<div class=\"elementor-element elementor-element-76e342e e-flex e-con-boxed e-con e-parent\" data-id=\"76e342e\" data-element_type=\"container\" data-e-type=\"container\" data-settings=\"{&quot;background_background&quot;:&quot;classic&quot;}\">\n\t\t\t\t\t<div class=\"e-con-inner\">\n\t\t\t\t<div class=\"elementor-element elementor-element-023588c elementor-widget elementor-widget-heading\" data-id=\"023588c\" data-element_type=\"widget\" data-e-type=\"widget\" data-widget_type=\"heading.default\">\n\t\t\t\t\t<h2 class=\"elementor-heading-title elementor-size-default\">\u00dcber uns<\/h2>\t\t\t\t<\/div>\n\t\t\t\t<div class=\"elementor-element elementor-element-07033be elementor-widget__width-initial elementor-widget elementor-widget-image\" data-id=\"07033be\" data-element_type=\"widget\" data-e-type=\"widget\" data-widget_type=\"image.default\">\n\t\t\t\t\t\t\t\t\t\t\t\t\t\t\t<img fetchpriority=\"high\" decoding=\"async\" width=\"251\" height=\"247\" src=\"https:\/\/rotary-classic.ch\/wp-content\/uploads\/2026\/01\/Rotary-Rad.png\" class=\"attachment-large size-large wp-image-536\" alt=\"\" \/>\t\t\t\t\t\t\t\t\t\t\t\t\t\t\t<\/div>\n\t\t\t\t<div class=\"elementor-element elementor-element-c650888 elementor-widget__width-initial elementor-widget elementor-widget-image\" data-id=\"c650888\" data-element_type=\"widget\" data-e-type=\"widget\" data-widget_type=\"image.default\">\n\t\t\t\t\t\t\t\t\t\t\t\t\t\t\t<img decoding=\"async\" width=\"429\" height=\"113\" src=\"https:\/\/rotary-classic.ch\/wp-content\/uploads\/2026\/01\/Rotary-ZKA.png\" class=\"attachment-large size-large wp-image-537\" alt=\"\" srcset=\"https:\/\/rotary-classic.ch\/wp-content\/uploads\/2026\/01\/Rotary-ZKA.png 429w, https:\/\/rotary-classic.ch\/wp-content\/uploads\/2026\/01\/Rotary-ZKA-300x79.png 300w\" sizes=\"(max-width: 429px) 100vw, 429px\" \/>\t\t\t\t\t\t\t\t\t\t\t\t\t\t\t<\/div>\n\t\t\t\t\t<\/div>\n\t\t\t\t<\/div>\n\t\t<div class=\"elementor-element elementor-element-5b72bf6 e-flex e-con-boxed e-con e-parent\" data-id=\"5b72bf6\" data-element_type=\"container\" data-e-type=\"container\" data-settings=\"{&quot;background_background&quot;:&quot;classic&quot;}\">\n\t\t\t\t\t<div class=\"e-con-inner\">\n\t\t\t\t<div class=\"elementor-element elementor-element-70f48af elementor-widget elementor-widget-heading\" data-id=\"70f48af\" data-element_type=\"widget\" data-e-type=\"widget\" data-widget_type=\"heading.default\">\n\t\t\t\t\t<h2 class=\"elementor-heading-title elementor-size-default\">Rotary<\/h2>\t\t\t\t<\/div>\n\t\t\t\t<div class=\"elementor-element elementor-element-e2afca2 elementor-widget elementor-widget-text-editor\" data-id=\"e2afca2\" data-element_type=\"widget\" data-e-type=\"widget\" data-widget_type=\"text-editor.default\">\n\t\t\t\t\t\t\t\t\t<p>Der Rotary Club Z\u00fcrich-Knonaueramt wurde 1968 von engagierten Mitb\u00fcrgern gegr\u00fcndet, um wohlt\u00e4tige Projekte im eigenen Bezirk wie auch international zu f\u00f6rdern. Mehr als 50 Mitglieder engagieren sich aktuell und haben in den vergangenen Jahren zahlreiche Projekte gef\u00f6rdert.<\/p><p>Ob \u201eB\u00e4nke und Feuerstellen am T\u00fcrlersee\u201c, oder die internationalen Projekte \u201eBoca sana vida sana\u201c \u2013 Zahnhygiene bei Kindern und Jugendlichen und das Projekt \u201eFish Market\u201c \u2013 Unterst\u00fctzung beim Aufbau eines Fischmarktes, beide in Ecuador, oder Zahnhygiene in der Dominikanischen Republik.\u00a0<\/p><p>Mit dem Frondienst in der B\u00fcndner Gemeinde Furna\u00a0 engagieren sich die Mitglieder des Clubs nicht nur finanziell sondern auch mit pers\u00f6nlichem Einsatz.<\/p><p>Die Ziele der weltweit verbreiteten Rotary Clubs sind humanit\u00e4re Dienste, Einsatz f\u00fcr Frieden und V\u00f6lkerverst\u00e4ndigung sowie Dienstbereitschaft im t\u00e4glichen Leben.<\/p>\t\t\t\t\t\t\t\t<\/div>\n\t\t\t\t\t<\/div>\n\t\t\t\t<\/div>\n\t\t<div class=\"elementor-element elementor-element-445aa04 e-flex e-con-boxed e-con e-parent\" data-id=\"445aa04\" data-element_type=\"container\" data-e-type=\"container\" data-settings=\"{&quot;background_background&quot;:&quot;classic&quot;}\">\n\t\t\t\t\t<div class=\"e-con-inner\">\n\t\t\t\t\t<\/div>\n\t\t\t\t<\/div>\n\t\t\t\t<\/div>\n\t\t","protected":false},"excerpt":{"rendered":"<p>\u00dcber uns Rotary Der Rotary Club Z\u00fcrich-Knonaueramt wurde 1968 von engagierten Mitb\u00fcrgern gegr\u00fcndet, um wohlt\u00e4tige Projekte im eigenen Bezirk wie [&hellip;]<\/p>\n","protected":false},"author":1,"featured_media":0,"parent":0,"menu_order":1,"comment_status":"closed","ping_status":"closed","template":"","meta":{"site-sidebar-layout":"no-sidebar","site-content-layout":"","ast-site-content-layout":"full-width-container","site-content-style":"default","site-sidebar-style":"default","ast-global-header-display":"","ast-banner-title-visibility":"","ast-main-header-display":"","ast-hfb-above-header-display":"","ast-hfb-below-header-display":"","ast-hfb-mobile-header-display":"","site-post-title":"disabled","ast-breadcrumbs-content":"","ast-featured-img":"disabled","footer-sml-layout":"","ast-disable-related-posts":"","theme-transparent-header-meta":"","adv-header-id-meta":"","stick-header-meta":"","header-above-stick-meta":"","header-main-stick-meta":"","header-below-stick-meta":"","astra-migrate-meta-layouts":"default","ast-page-background-enabled":"default","ast-page-background-meta":{"desktop":{"background-color":"var(--ast-global-color-5)","background-image":"","background-repeat":"repeat","background-position":"center center","background-size":"auto","background-attachment":"scroll","background-type":"","background-media":"","overlay-type":"","overlay-color":"","overlay-opacity":"","overlay-gradient":""},"tablet":{"background-color":"","background-image":"","background-repeat":"repeat","background-position":"center center","background-size":"auto","background-attachment":"scroll","background-type":"","background-media":"","overlay-type":"","overlay-color":"","overlay-opacity":"","overlay-gradient":""},"mobile":{"background-color":"","background-image":"","background-repeat":"repeat","background-position":"center center","background-size":"auto","background-attachment":"scroll","background-type":"","background-media":"","overlay-type":"","overlay-color":"","overlay-opacity":"","overlay-gradient":""}},"ast-content-background-meta":{"desktop":{"background-color":"var(--ast-global-color-4)","background-image":"","background-repeat":"repeat","background-position":"center center","background-size":"auto","background-attachment":"scroll","background-type":"","background-media":"","overlay-type":"","overlay-color":"","overlay-opacity":"","overlay-gradient":""},"tablet":{"background-color":"var(--ast-global-color-4)","background-image":"","background-repeat":"repeat","background-position":"center center","background-size":"auto","background-attachment":"scroll","background-type":"","background-media":"","overlay-type":"","overlay-color":"","overlay-opacity":"","overlay-gradient":""},"mobile":{"background-color":"var(--ast-global-color-4)","background-image":"","background-repeat":"repeat","background-position":"center center","background-size":"auto","background-attachment":"scroll","background-type":"","background-media":"","overlay-type":"","overlay-color":"","overlay-opacity":"","overlay-gradient":""}},"footnotes":""},"class_list":["post-342","page","type-page","status-publish","hentry"],"_links":{"self":[{"href":"https:\/\/rotary-classic.ch\/index.php\/wp-json\/wp\/v2\/pages\/342","targetHints":{"allow":["GET"]}}],"collection":[{"href":"https:\/\/rotary-classic.ch\/index.php\/wp-json\/wp\/v2\/pages"}],"about":[{"href":"https:\/\/rotary-classic.ch\/index.php\/wp-json\/wp\/v2\/types\/page"}],"author":[{"embeddable":true,"href":"https:\/\/rotary-classic.ch\/index.php\/wp-json\/wp\/v2\/users\/1"}],"replies":[{"embeddable":true,"href":"https:\/\/rotary-classic.ch\/index.php\/wp-json\/wp\/v2\/comments?post=342"}],"version-history":[{"count":25,"href":"https:\/\/rotary-classic.ch\/index.php\/wp-json\/wp\/v2\/pages\/342\/revisions"}],"predecessor-version":[{"id":927,"href":"https:\/\/rotary-classic.ch\/index.php\/wp-json\/wp\/v2\/pages\/342\/revisions\/927"}],"wp:attachment":[{"href":"https:\/\/rotary-classic.ch\/index.php\/wp-json\/wp\/v2\/media?parent=342"}],"curies":[{"name":"wp","href":"https:\/\/api.w.org\/{rel}","templated":true}]}}